{"id":415,"date":"2026-01-29T11:31:54","date_gmt":"2026-01-29T11:31:54","guid":{"rendered":"https:\/\/airam.estaciondiseno.es\/?page_id=415"},"modified":"2026-02-04T22:27:52","modified_gmt":"2026-02-04T22:27:52","slug":"guess-and-gloss","status":"publish","type":"page","link":"https:\/\/airam.estaciondiseno.es\/index.php\/guess-and-gloss\/","title":{"rendered":"GUESS AND GLOSS"},"content":{"rendered":"\t\t<div data-elementor-type=\"wp-page\" data-elementor-id=\"415\" class=\"elementor elementor-415\" data-elementor-post-type=\"page\">\n\t\t\t\t<div class=\"elementor-element elementor-element-668c1ae e-flex e-con-boxed e-con e-parent\" data-id=\"668c1ae\" data-element_type=\"container\">\n\t\t\t\t\t<div class=\"e-con-inner\">\n\t\t\t\t<div class=\"elementor-element elementor-element-def7bde elementor-widget elementor-widget-image\" data-id=\"def7bde\" data-element_type=\"widget\" data-widget_type=\"image.default\">\n\t\t\t\t\t\t\t\t\t\t\t\t\t\t\t<img fetchpriority=\"high\" decoding=\"async\" width=\"920\" height=\"181\" src=\"https:\/\/airam.estaciondiseno.es\/wp-content\/uploads\/2026\/02\/ggg-1024x201.jpg\" class=\"attachment-large size-large wp-image-690\" alt=\"\" srcset=\"https:\/\/airam.estaciondiseno.es\/wp-content\/uploads\/2026\/02\/ggg-1024x201.jpg 1024w, https:\/\/airam.estaciondiseno.es\/wp-content\/uploads\/2026\/02\/ggg-300x59.jpg 300w, https:\/\/airam.estaciondiseno.es\/wp-content\/uploads\/2026\/02\/ggg-768x151.jpg 768w, https:\/\/airam.estaciondiseno.es\/wp-content\/uploads\/2026\/02\/ggg-1536x301.jpg 1536w, https:\/\/airam.estaciondiseno.es\/wp-content\/uploads\/2026\/02\/ggg-2048x402.jpg 2048w\" sizes=\"(max-width: 920px) 100vw, 920px\" \/>\t\t\t\t\t\t\t\t\t\t\t\t\t\t\t<\/div>\n\t\t\t\t\t<\/div>\n\t\t\t\t<\/div>\n\t\t<div class=\"elementor-element elementor-element-72eb0717 e-flex e-con-boxed e-con e-parent\" data-id=\"72eb0717\" data-element_type=\"container\">\n\t\t\t\t\t<div class=\"e-con-inner\">\n\t\t\t\t<div class=\"elementor-element elementor-element-5c2a7eb9 elementor-widget elementor-widget-text-editor\" data-id=\"5c2a7eb9\" data-element_type=\"widget\" data-widget_type=\"text-editor.default\">\n\t\t\t\t\t\t\t\t\t<figure><img decoding=\"async\" src=\"https:\/\/airam.estaciondiseno.es\/wp-content\/uploads\/2026\/01\/al-1-1024x703.jpg\" alt=\"\" \/><span style=\"font-family: dc; font-size: 1.125rem;\">guess &amp; gloss se inspira en los 2000<\/span><\/figure>\n<p>\u00a0<\/p>\n<p><span style=\"font-family: dc;\"><!-- \/wp:paragraph --><!-- wp:paragraph --><\/span><\/p>\n<p><span style=\"font-family: dc;\">Especialmente en 2004: layering, tiro bajo, logoman\u00eda, tracksuits de Juicy Couture, cejas finas y sombra blanca. Un a\u00f1o marcado por las it girls, la prensa rosa, los accesorios, el rosa, las sandalias de tac\u00f3n y la amistad femenina.<\/span><\/p>\n<p><span style=\"font-family: dc;\"><!-- \/wp:paragraph --><!-- wp:paragraph --><\/span><\/p>\n<p><span style=\"font-family: dc;\">Usando varias prendas de la colecci\u00f3n dollhouse de Alba, para mostrar la versatilidad de las piezas y darles un significado distinto a trav\u00e9s del estilismo.<\/span><\/p>\n<p><span style=\"font-family: dc;\"><!-- \/wp:paragraph --><!-- wp:paragraph --><\/span><\/p>\n<p>\u00a0<\/p>\n<p><!-- \/wp:paragraph --><\/p>\t\t\t\t\t\t\t\t<\/div>\n\t\t\t\t\t<\/div>\n\t\t\t\t<\/div>\n\t\t<div class=\"elementor-element elementor-element-21ad059 e-flex e-con-boxed e-con e-parent\" data-id=\"21ad059\" data-element_type=\"container\">\n\t\t\t\t\t<div class=\"e-con-inner\">\n\t\t\t\t<div class=\"elementor-element elementor-element-a495dc5 elementor-widget elementor-widget-image\" data-id=\"a495dc5\" data-element_type=\"widget\" data-widget_type=\"image.default\">\n\t\t\t\t\t\t\t\t\t\t\t\t\t\t\t<img decoding=\"async\" width=\"920\" height=\"614\" src=\"https:\/\/airam.estaciondiseno.es\/wp-content\/uploads\/2026\/02\/2p-copy-1024x683.jpg\" class=\"attachment-large size-large wp-image-457\" alt=\"\" srcset=\"https:\/\/airam.estaciondiseno.es\/wp-content\/uploads\/2026\/02\/2p-copy-1024x683.jpg 1024w, https:\/\/airam.estaciondiseno.es\/wp-content\/uploads\/2026\/02\/2p-copy-300x200.jpg 300w, https:\/\/airam.estaciondiseno.es\/wp-content\/uploads\/2026\/02\/2p-copy-768x512.jpg 768w, https:\/\/airam.estaciondiseno.es\/wp-content\/uploads\/2026\/02\/2p-copy-1536x1024.jpg 1536w, https:\/\/airam.estaciondiseno.es\/wp-content\/uploads\/2026\/02\/2p-copy-2048x1365.jpg 2048w\" sizes=\"(max-width: 920px) 100vw, 920px\" \/>\t\t\t\t\t\t\t\t\t\t\t\t\t\t\t<\/div>\n\t\t\t\t<div class=\"elementor-element elementor-element-ed92001 elementor-widget__width-initial elementor-widget elementor-widget-image\" data-id=\"ed92001\" data-element_type=\"widget\" data-widget_type=\"image.default\">\n\t\t\t\t\t\t\t\t\t\t\t\t\t\t\t<img decoding=\"async\" width=\"920\" height=\"614\" src=\"https:\/\/airam.estaciondiseno.es\/wp-content\/uploads\/2026\/01\/laura-1024x683.jpg\" class=\"attachment-large size-large wp-image-431\" alt=\"\" srcset=\"https:\/\/airam.estaciondiseno.es\/wp-content\/uploads\/2026\/01\/laura-1024x683.jpg 1024w, https:\/\/airam.estaciondiseno.es\/wp-content\/uploads\/2026\/01\/laura-300x200.jpg 300w, https:\/\/airam.estaciondiseno.es\/wp-content\/uploads\/2026\/01\/laura-768x512.jpg 768w, https:\/\/airam.estaciondiseno.es\/wp-content\/uploads\/2026\/01\/laura-1536x1024.jpg 1536w, https:\/\/airam.estaciondiseno.es\/wp-content\/uploads\/2026\/01\/laura-2048x1365.jpg 2048w\" sizes=\"(max-width: 920px) 100vw, 920px\" \/>\t\t\t\t\t\t\t\t\t\t\t\t\t\t\t<\/div>\n\t\t\t\t<div class=\"elementor-element elementor-element-ec61518 elementor-widget__width-initial elementor-widget elementor-widget-image\" data-id=\"ec61518\" data-element_type=\"widget\" data-widget_type=\"image.default\">\n\t\t\t\t\t\t\t\t\t\t\t\t\t\t\t<img loading=\"lazy\" decoding=\"async\" width=\"920\" height=\"679\" src=\"https:\/\/airam.estaciondiseno.es\/wp-content\/uploads\/2026\/02\/c-copy-scaled-e1770058211181-1024x756.jpg\" class=\"attachment-large size-large wp-image-460\" alt=\"\" srcset=\"https:\/\/airam.estaciondiseno.es\/wp-content\/uploads\/2026\/02\/c-copy-scaled-e1770058211181-1024x756.jpg 1024w, https:\/\/airam.estaciondiseno.es\/wp-content\/uploads\/2026\/02\/c-copy-scaled-e1770058211181-300x221.jpg 300w, https:\/\/airam.estaciondiseno.es\/wp-content\/uploads\/2026\/02\/c-copy-scaled-e1770058211181-768x567.jpg 768w, https:\/\/airam.estaciondiseno.es\/wp-content\/uploads\/2026\/02\/c-copy-scaled-e1770058211181-1536x1134.jpg 1536w, https:\/\/airam.estaciondiseno.es\/wp-content\/uploads\/2026\/02\/c-copy-scaled-e1770058211181-2048x1512.jpg 2048w\" sizes=\"(max-width: 920px) 100vw, 920px\" \/>\t\t\t\t\t\t\t\t\t\t\t\t\t\t\t<\/div>\n\t\t\t\t<div class=\"elementor-element elementor-element-f335a42 elementor-widget elementor-widget-image\" data-id=\"f335a42\" data-element_type=\"widget\" data-widget_type=\"image.default\">\n\t\t\t\t\t\t\t\t\t\t\t\t\t\t\t<img loading=\"lazy\" decoding=\"async\" width=\"920\" height=\"614\" src=\"https:\/\/airam.estaciondiseno.es\/wp-content\/uploads\/2026\/02\/ajap-copy-1024x683.jpg\" class=\"attachment-large size-large wp-image-459\" alt=\"\" srcset=\"https:\/\/airam.estaciondiseno.es\/wp-content\/uploads\/2026\/02\/ajap-copy-1024x683.jpg 1024w, https:\/\/airam.estaciondiseno.es\/wp-content\/uploads\/2026\/02\/ajap-copy-300x200.jpg 300w, https:\/\/airam.estaciondiseno.es\/wp-content\/uploads\/2026\/02\/ajap-copy-768x512.jpg 768w, https:\/\/airam.estaciondiseno.es\/wp-content\/uploads\/2026\/02\/ajap-copy-1536x1024.jpg 1536w, https:\/\/airam.estaciondiseno.es\/wp-content\/uploads\/2026\/02\/ajap-copy-2048x1365.jpg 2048w\" sizes=\"(max-width: 920px) 100vw, 920px\" \/>\t\t\t\t\t\t\t\t\t\t\t\t\t\t\t<\/div>\n\t\t\t\t<div class=\"elementor-element elementor-element-e320791 elementor-widget__width-initial elementor-widget elementor-widget-image\" data-id=\"e320791\" data-element_type=\"widget\" data-widget_type=\"image.default\">\n\t\t\t\t\t\t\t\t\t\t\t\t\t\t\t<img loading=\"lazy\" decoding=\"async\" width=\"920\" height=\"654\" src=\"https:\/\/airam.estaciondiseno.es\/wp-content\/uploads\/2026\/02\/Screenshot-2026-02-02-at-20.17.42-1024x728.png\" class=\"attachment-large size-large wp-image-466\" alt=\"\" srcset=\"https:\/\/airam.estaciondiseno.es\/wp-content\/uploads\/2026\/02\/Screenshot-2026-02-02-at-20.17.42-1024x728.png 1024w, https:\/\/airam.estaciondiseno.es\/wp-content\/uploads\/2026\/02\/Screenshot-2026-02-02-at-20.17.42-300x213.png 300w, https:\/\/airam.estaciondiseno.es\/wp-content\/uploads\/2026\/02\/Screenshot-2026-02-02-at-20.17.42-768x546.png 768w, https:\/\/airam.estaciondiseno.es\/wp-content\/uploads\/2026\/02\/Screenshot-2026-02-02-at-20.17.42-1536x1091.png 1536w, https:\/\/airam.estaciondiseno.es\/wp-content\/uploads\/2026\/02\/Screenshot-2026-02-02-at-20.17.42-2048x1455.png 2048w\" sizes=\"(max-width: 920px) 100vw, 920px\" \/>\t\t\t\t\t\t\t\t\t\t\t\t\t\t\t<\/div>\n\t\t\t\t<div class=\"elementor-element elementor-element-2f921da elementor-widget__width-initial elementor-widget elementor-widget-image\" data-id=\"2f921da\" data-element_type=\"widget\" data-widget_type=\"image.default\">\n\t\t\t\t\t\t\t\t\t\t\t\t\t\t\t<img loading=\"lazy\" decoding=\"async\" width=\"920\" height=\"720\" src=\"https:\/\/airam.estaciondiseno.es\/wp-content\/uploads\/2026\/02\/6p-copy-1024x801.jpg\" class=\"attachment-large size-large wp-image-458\" alt=\"\" srcset=\"https:\/\/airam.estaciondiseno.es\/wp-content\/uploads\/2026\/02\/6p-copy-1024x801.jpg 1024w, https:\/\/airam.estaciondiseno.es\/wp-content\/uploads\/2026\/02\/6p-copy-300x235.jpg 300w, https:\/\/airam.estaciondiseno.es\/wp-content\/uploads\/2026\/02\/6p-copy-768x601.jpg 768w, https:\/\/airam.estaciondiseno.es\/wp-content\/uploads\/2026\/02\/6p-copy-1536x1201.jpg 1536w, https:\/\/airam.estaciondiseno.es\/wp-content\/uploads\/2026\/02\/6p-copy-2048x1601.jpg 2048w\" sizes=\"(max-width: 920px) 100vw, 920px\" \/>\t\t\t\t\t\t\t\t\t\t\t\t\t\t\t<\/div>\n\t\t\t\t\t<\/div>\n\t\t\t\t<\/div>\n\t\t<div class=\"elementor-element elementor-element-9886d88 e-flex e-con-boxed e-con e-parent\" data-id=\"9886d88\" data-element_type=\"container\">\n\t\t\t\t\t<div class=\"e-con-inner\">\n\t\t\t\t<div class=\"elementor-element elementor-element-3b41351 elementor-widget elementor-widget-text-editor\" data-id=\"3b41351\" data-element_type=\"widget\" data-widget_type=\"text-editor.default\">\n\t\t\t\t\t\t\t\t\t<p><span style=\"font-family: dc; font-size: 12pt;\">Cr\u00e9ditos:<\/span><\/p>\n<div class=\"page\" title=\"Page 57\">\n<div class=\"layoutArea\">\n<div class=\"column\">\n<p><span style=\"font-size: 12pt; font-family: dc;\">Estilista: Alba Gonza\u0301lez Asistente de estilismo: Airam<\/span><\/p>\n<p><span style=\"font-family: dc;\"><span style=\"font-size: 12pt;\">Modelos (de izq. a der.): Laura Cai, Cristi<\/span><span style=\"font-size: 12pt;\">&#8211; na Marti\u0301n y Ana India<\/span><\/span><\/p>\n<p><span style=\"font-size: 12pt; font-family: dc;\">Fotografi\u0301a: Daniel Marti\u0301nez <\/span><\/p>\n<p><span style=\"font-size: 12pt; font-family: dc;\">Maquillaje y peluqueri\u0301a: Ana Lo\u0301pez y Lola Rodri\u0301guez\u00a0<\/span><\/p>\n<\/div>\n<\/div>\n<\/div>\t\t\t\t\t\t\t\t<\/div>\n\t\t\t\t\t<\/div>\n\t\t\t\t<\/div>\n\t\t\t\t<\/div>\n\t\t","protected":false},"excerpt":{"rendered":"<p>guess &amp; gloss se inspira en los 2000 \u00a0 Especialmente en 2004: layering, tiro bajo, logoman\u00eda, tracksuits de Juicy Couture, cejas finas y sombra blanca. Un a\u00f1o marcado por las<\/p>\n<p class=\"more-link\"><a href=\"https:\/\/airam.estaciondiseno.es\/index.php\/guess-and-gloss\/\" class=\"readmore\">Seguir leyendo&#8230;<span class=\"screen-reader-text\">GUESS AND GLOSS<\/span><\/a><\/p>\n","protected":false},"author":1,"featured_media":0,"parent":0,"menu_order":0,"comment_status":"closed","ping_status":"closed","template":"","meta":{"footnotes":""},"class_list":["post-415","page","type-page","status-publish","hentry"],"yoast_head":"<!-- This site is optimized with the Yoast SEO Premium plugin v20.12 (Yoast SEO v20.12) - https:\/\/yoast.com\/wordpress\/plugins\/seo\/ -->\n<title>GUESS AND GLOSS -<\/title>\n<meta name=\"robots\" content=\"index, follow, max-snippet:-1, max-image-preview:large, max-video-preview:-1\" \/>\n<link rel=\"canonical\" href=\"https:\/\/airam.estaciondiseno.es\/index.php\/guess-and-gloss\/\" \/>\n<meta property=\"og:locale\" content=\"es_ES\" \/>\n<meta property=\"og:type\" content=\"article\" \/>\n<meta property=\"og:title\" content=\"GUESS AND GLOSS\" \/>\n<meta property=\"og:description\" content=\"guess &amp; gloss se inspira en los 2000 \u00a0 Especialmente en 2004: layering, tiro bajo, logoman\u00eda, tracksuits de Juicy Couture, cejas finas y sombra blanca. Un a\u00f1o marcado por lasSeguir leyendo...GUESS AND GLOSS\" \/>\n<meta property=\"og:url\" content=\"https:\/\/airam.estaciondiseno.es\/index.php\/guess-and-gloss\/\" \/>\n<meta property=\"article:modified_time\" content=\"2026-02-04T22:27:52+00:00\" \/>\n<meta property=\"og:image\" content=\"https:\/\/airam.estaciondiseno.es\/wp-content\/uploads\/2026\/02\/ggg-1024x201.jpg\" \/>\n<meta name=\"twitter:card\" content=\"summary_large_image\" \/>\n<script type=\"application\/ld+json\" class=\"yoast-schema-graph\">{\"@context\":\"https:\/\/schema.org\",\"@graph\":[{\"@type\":\"WebPage\",\"@id\":\"https:\/\/airam.estaciondiseno.es\/index.php\/guess-and-gloss\/\",\"url\":\"https:\/\/airam.estaciondiseno.es\/index.php\/guess-and-gloss\/\",\"name\":\"GUESS AND GLOSS -\",\"isPartOf\":{\"@id\":\"https:\/\/airam.estaciondiseno.es\/#website\"},\"datePublished\":\"2026-01-29T11:31:54+00:00\",\"dateModified\":\"2026-02-04T22:27:52+00:00\",\"breadcrumb\":{\"@id\":\"https:\/\/airam.estaciondiseno.es\/index.php\/guess-and-gloss\/#breadcrumb\"},\"inLanguage\":\"es\",\"potentialAction\":[{\"@type\":\"ReadAction\",\"target\":[\"https:\/\/airam.estaciondiseno.es\/index.php\/guess-and-gloss\/\"]}]},{\"@type\":\"BreadcrumbList\",\"@id\":\"https:\/\/airam.estaciondiseno.es\/index.php\/guess-and-gloss\/#breadcrumb\",\"itemListElement\":[{\"@type\":\"ListItem\",\"position\":1,\"name\":\"Home\",\"item\":\"https:\/\/airam.estaciondiseno.es\/\"},{\"@type\":\"ListItem\",\"position\":2,\"name\":\"GUESS AND GLOSS\"}]},{\"@type\":\"WebSite\",\"@id\":\"https:\/\/airam.estaciondiseno.es\/#website\",\"url\":\"https:\/\/airam.estaciondiseno.es\/\",\"name\":\"\",\"description\":\"\",\"potentialAction\":[{\"@type\":\"SearchAction\",\"target\":{\"@type\":\"EntryPoint\",\"urlTemplate\":\"https:\/\/airam.estaciondiseno.es\/?s={search_term_string}\"},\"query-input\":\"required name=search_term_string\"}],\"inLanguage\":\"es\"}]}<\/script>\n<!-- \/ Yoast SEO Premium plugin. -->","yoast_head_json":{"title":"GUESS AND GLOSS -","robots":{"index":"index","follow":"follow","max-snippet":"max-snippet:-1","max-image-preview":"max-image-preview:large","max-video-preview":"max-video-preview:-1"},"canonical":"https:\/\/airam.estaciondiseno.es\/index.php\/guess-and-gloss\/","og_locale":"es_ES","og_type":"article","og_title":"GUESS AND GLOSS","og_description":"guess &amp; gloss se inspira en los 2000 \u00a0 Especialmente en 2004: layering, tiro bajo, logoman\u00eda, tracksuits de Juicy Couture, cejas finas y sombra blanca. Un a\u00f1o marcado por lasSeguir leyendo...GUESS AND GLOSS","og_url":"https:\/\/airam.estaciondiseno.es\/index.php\/guess-and-gloss\/","article_modified_time":"2026-02-04T22:27:52+00:00","og_image":[{"url":"https:\/\/airam.estaciondiseno.es\/wp-content\/uploads\/2026\/02\/ggg-1024x201.jpg"}],"twitter_card":"summary_large_image","schema":{"@context":"https:\/\/schema.org","@graph":[{"@type":"WebPage","@id":"https:\/\/airam.estaciondiseno.es\/index.php\/guess-and-gloss\/","url":"https:\/\/airam.estaciondiseno.es\/index.php\/guess-and-gloss\/","name":"GUESS AND GLOSS -","isPartOf":{"@id":"https:\/\/airam.estaciondiseno.es\/#website"},"datePublished":"2026-01-29T11:31:54+00:00","dateModified":"2026-02-04T22:27:52+00:00","breadcrumb":{"@id":"https:\/\/airam.estaciondiseno.es\/index.php\/guess-and-gloss\/#breadcrumb"},"inLanguage":"es","potentialAction":[{"@type":"ReadAction","target":["https:\/\/airam.estaciondiseno.es\/index.php\/guess-and-gloss\/"]}]},{"@type":"BreadcrumbList","@id":"https:\/\/airam.estaciondiseno.es\/index.php\/guess-and-gloss\/#breadcrumb","itemListElement":[{"@type":"ListItem","position":1,"name":"Home","item":"https:\/\/airam.estaciondiseno.es\/"},{"@type":"ListItem","position":2,"name":"GUESS AND GLOSS"}]},{"@type":"WebSite","@id":"https:\/\/airam.estaciondiseno.es\/#website","url":"https:\/\/airam.estaciondiseno.es\/","name":"","description":"","potentialAction":[{"@type":"SearchAction","target":{"@type":"EntryPoint","urlTemplate":"https:\/\/airam.estaciondiseno.es\/?s={search_term_string}"},"query-input":"required name=search_term_string"}],"inLanguage":"es"}]}},"_links":{"self":[{"href":"https:\/\/airam.estaciondiseno.es\/index.php\/wp-json\/wp\/v2\/pages\/415","targetHints":{"allow":["GET"]}}],"collection":[{"href":"https:\/\/airam.estaciondiseno.es\/index.php\/wp-json\/wp\/v2\/pages"}],"about":[{"href":"https:\/\/airam.estaciondiseno.es\/index.php\/wp-json\/wp\/v2\/types\/page"}],"author":[{"embeddable":true,"href":"https:\/\/airam.estaciondiseno.es\/index.php\/wp-json\/wp\/v2\/users\/1"}],"replies":[{"embeddable":true,"href":"https:\/\/airam.estaciondiseno.es\/index.php\/wp-json\/wp\/v2\/comments?post=415"}],"version-history":[{"count":14,"href":"https:\/\/airam.estaciondiseno.es\/index.php\/wp-json\/wp\/v2\/pages\/415\/revisions"}],"predecessor-version":[{"id":709,"href":"https:\/\/airam.estaciondiseno.es\/index.php\/wp-json\/wp\/v2\/pages\/415\/revisions\/709"}],"wp:attachment":[{"href":"https:\/\/airam.estaciondiseno.es\/index.php\/wp-json\/wp\/v2\/media?parent=415"}],"curies":[{"name":"wp","href":"https:\/\/api.w.org\/{rel}","templated":true}]}}